{"id":2,"date":"2020-02-22T09:05:25","date_gmt":"2020-02-22T09:05:25","guid":{"rendered":"https:\/\/kgv-rheydt-guedderath.de\/wordpress\/wordpress\/?page_id=2"},"modified":"2025-10-04T15:25:37","modified_gmt":"2025-10-04T15:25:37","slug":"unser-verein","status":"publish","type":"page","link":"https:\/\/kgv-rheydt-guedderath.de\/wordpress\/","title":{"rendered":"Unser Verein"},"content":{"rendered":"\t\t<div data-elementor-type=\"wp-page\" data-elementor-id=\"2\" class=\"elementor elementor-2\">\n\t\t\t\t\t\t<section class=\"elementor-section elementor-top-section elementor-element elementor-element-3ce00dbc elementor-section-boxed elementor-section-height-default elementor-section-height-default\" data-id=\"3ce00dbc\" data-element_type=\"section\" data-e-type=\"section\">\n\t\t\t\t\t\t<div class=\"elementor-container elementor-column-gap-default\">\n\t\t\t\t\t<div class=\"elementor-column elementor-col-100 elementor-top-column elementor-element elementor-element-21ead612\" data-id=\"21ead612\" data-element_type=\"column\" data-e-type=\"column\">\n\t\t\t<div class=\"elementor-widget-wrap elementor-element-populated\">\n\t\t\t\t\t\t<div class=\"elementor-element elementor-element-389533c5 elementor-widget elementor-widget-text-editor\" data-id=\"389533c5\" data-element_type=\"widget\" data-e-type=\"widget\" data-widget_type=\"text-editor.default\">\n\t\t\t\t<div class=\"elementor-widget-container\">\n\t\t\t\t\t\t\t\t\t<p><span style=\"font-family: arial, helvetica, sans-serif; font-size: 20px;\">Liebe Gartenfreundinnen und Gartenfreunde.<\/span><\/p>\n<p style=\"text-align: justify;\"><span style=\"font-size: 16px; color: #575752; font-family: arial, helvetica, sans-serif;\"><img decoding=\"async\" class=\"alignleft\" src=\"https:\/\/kgv-rheydt-guedderath.de\/wordpress\/wp-content\/uploads\/2023\/05\/Maria220x320_2.jpg\" alt=\"\" width=\"165\" height=\"225\" \/>Als Erste Vorsitzende des Kleing\u00e4rtnervereins Rheydt-G\u00fcdderath e.V. begr\u00fc\u00dfe ich Euch herzlich auf unserer Homepage, auf der Ihr Interessantes und Wissenswertes \u00fcber unseren Verein und das Gartenwesen lesen k\u00f6nnt. Au\u00dferdem erhaltet Ihr regelm\u00e4\u00dfig weitere Info\u00b4s durch unseren Schaukasten in der Anlage.<\/span><\/p>\n<hr \/>\n<p><!-- \/wp:tadv\/classic-paragraph --><!-- wp:tadv\/classic-paragraph \/--><\/p>\t\t\t\t\t\t\t\t<\/div>\n\t\t\t\t<\/div>\n\t\t\t\t\t<\/div>\n\t\t<\/div>\n\t\t\t\t\t<\/div>\n\t\t<\/section>\n\t\t\t\t<section class=\"elementor-section elementor-top-section elementor-element elementor-element-79f769a elementor-section-boxed elementor-section-height-default elementor-section-height-default\" data-id=\"79f769a\" data-element_type=\"section\" data-e-type=\"section\">\n\t\t\t\t\t\t<div class=\"elementor-container elementor-column-gap-default\">\n\t\t\t\t\t<div class=\"elementor-column elementor-col-100 elementor-top-column elementor-element elementor-element-1579669\" data-id=\"1579669\" data-element_type=\"column\" data-e-type=\"column\">\n\t\t\t<div class=\"elementor-widget-wrap elementor-element-populated\">\n\t\t\t\t\t\t<div class=\"elementor-element elementor-element-85569fd elementor-widget-divider--view-line elementor-widget elementor-widget-divider\" data-id=\"85569fd\" data-element_type=\"widget\" data-e-type=\"widget\" data-widget_type=\"divider.default\">\n\t\t\t\t<div class=\"elementor-widget-container\">\n\t\t\t\t\t\t\t<div class=\"elementor-divider\">\n\t\t\t<span class=\"elementor-divider-separator\">\n\t\t\t\t\t\t<\/span>\n\t\t<\/div>\n\t\t\t\t\t\t<\/div>\n\t\t\t\t<\/div>\n\t\t\t\t\t<\/div>\n\t\t<\/div>\n\t\t\t\t\t<\/div>\n\t\t<\/section>\n\t\t\t\t<section class=\"elementor-section elementor-top-section elementor-element elementor-element-8856926 elementor-section-boxed elementor-section-height-default elementor-section-height-default\" data-id=\"8856926\" data-element_type=\"section\" data-e-type=\"section\">\n\t\t\t\t\t\t<div class=\"elementor-container elementor-column-gap-default\">\n\t\t\t\t\t<div class=\"elementor-column elementor-col-100 elementor-top-column elementor-element elementor-element-59be6e6\" data-id=\"59be6e6\" data-element_type=\"column\" data-e-type=\"column\">\n\t\t\t<div class=\"elementor-widget-wrap elementor-element-populated\">\n\t\t\t\t\t\t<div class=\"elementor-element elementor-element-e1c7e1e elementor-widget elementor-widget-text-editor\" data-id=\"e1c7e1e\" data-element_type=\"widget\" data-e-type=\"widget\" data-widget_type=\"text-editor.default\">\n\t\t\t\t<div class=\"elementor-widget-container\">\n\t\t\t\t\t\t\t\t\t<p style=\"text-align: justify;\"><span style=\"color: #575752; font-family: arial, helvetica, sans-serif; font-size: 20px;\">Zur allgemeinen Information!<\/span><span style=\"color: #575752; font-family: arial, helvetica, sans-serif; font-size: 16px;\"><br><\/span><\/p><p style=\"text-align: justify;\"><span style=\"color: #575752; font-family: arial, helvetica, sans-serif; font-size: 16px;\">Anfragen f\u00fcr die Anmietung des Vereinshauses sind telefonisch unter der Telefonnummer 0176 2484 3426 oder per E-Mail an<br><a href=\"mailto:info@kgv-rheydt-guedderath.de\">info@kgv-rheydt-guedderath.de<\/a>&nbsp;zu richten.<\/span><\/p>\n<hr>\t\t\t\t\t\t\t\t<\/div>\n\t\t\t\t<\/div>\n\t\t\t\t\t<\/div>\n\t\t<\/div>\n\t\t\t\t\t<\/div>\n\t\t<\/section>\n\t\t\t\t<\/div>\n\t\t","protected":false},"excerpt":{"rendered":"<p>Liebe Gartenfreundinnen und Gartenfreunde. Als Erste Vorsitzende des Kleing\u00e4rtnervereins Rheydt-G\u00fcdderath e.V. begr\u00fc\u00dfe ich Euch herzlich auf unserer Homepage, auf der Ihr Interessantes und Wissenswertes \u00fcber unseren Verein und das Gartenwesen lesen k\u00f6nnt. Au\u00dferdem erhaltet Ihr regelm\u00e4\u00dfig weitere Info\u00b4s durch unseren Schaukasten in der Anlage. Zur allgemeinen Information! Anfragen f\u00fcr die Anmietung des Vereinshauses sind telefonisch &#8230; <a title=\"Unser Verein\" class=\"read-more\" href=\"https:\/\/kgv-rheydt-guedderath.de\/wordpress\/\" aria-label=\"Mehr Informationen \u00fcber Unser Verein\">Weiterlesen<\/a><\/p>\n","protected":false},"author":1,"featured_media":556,"parent":0,"menu_order":0,"comment_status":"closed","ping_status":"closed","template":"","meta":{"footnotes":""},"class_list":["post-2","page","type-page","status-publish","has-post-thumbnail"],"aioseo_notices":[],"_links":{"self":[{"href":"https:\/\/kgv-rheydt-guedderath.de\/wordpress\/index.php\/wp-json\/wp\/v2\/pages\/2","targetHints":{"allow":["GET"]}}],"collection":[{"href":"https:\/\/kgv-rheydt-guedderath.de\/wordpress\/index.php\/wp-json\/wp\/v2\/pages"}],"about":[{"href":"https:\/\/kgv-rheydt-guedderath.de\/wordpress\/index.php\/wp-json\/wp\/v2\/types\/page"}],"author":[{"embeddable":true,"href":"https:\/\/kgv-rheydt-guedderath.de\/wordpress\/index.php\/wp-json\/wp\/v2\/users\/1"}],"replies":[{"embeddable":true,"href":"https:\/\/kgv-rheydt-guedderath.de\/wordpress\/index.php\/wp-json\/wp\/v2\/comments?post=2"}],"version-history":[{"count":3,"href":"https:\/\/kgv-rheydt-guedderath.de\/wordpress\/index.php\/wp-json\/wp\/v2\/pages\/2\/revisions"}],"predecessor-version":[{"id":1145,"href":"https:\/\/kgv-rheydt-guedderath.de\/wordpress\/index.php\/wp-json\/wp\/v2\/pages\/2\/revisions\/1145"}],"wp:featuredmedia":[{"embeddable":true,"href":"https:\/\/kgv-rheydt-guedderath.de\/wordpress\/index.php\/wp-json\/wp\/v2\/media\/556"}],"wp:attachment":[{"href":"https:\/\/kgv-rheydt-guedderath.de\/wordpress\/index.php\/wp-json\/wp\/v2\/media?parent=2"}],"curies":[{"name":"wp","href":"https:\/\/api.w.org\/{rel}","templated":true}]}}

<div data-elementor-type="wp-page" data-elementor-id="2" class="elementor elementor-2">
						<section class="elementor-section elementor-top-section elementor-element elementor-element-3ce00dbc elementor-section-boxed elementor-section-height-default elementor-section-height-default" data-id="3ce00dbc" data-element_type="section" data-e-type="section">
						<div class="elementor-container elementor-column-gap-default">
					<div class="elementor-column elementor-col-100 elementor-top-column elementor-element elementor-element-21ead612" data-id="21ead612" data-element_type="column" data-e-type="column">
			<div class="elementor-widget-wrap elementor-element-populated">
						<div class="elementor-element elementor-element-389533c5 elementor-widget elementor-widget-text-editor" data-id="389533c5" data-element_type="widget" data-e-type="widget" data-widget_type="text-editor.default">
				<div class="elementor-widget-container">
									<p><span style="font-family: arial, helvetica, sans-serif; font-size: 20px;">Liebe Gartenfreundinnen und Gartenfreunde.</span></p>
<p style="text-align: justify;"><span style="font-size: 16px; color: #575752; font-family: arial, helvetica, sans-serif;"><img decoding="async" class="alignleft" src="https://kgv-rheydt-guedderath.de/wordpress/wp-content/uploads/2023/05/Maria220x320_2.jpg" alt="" width="165" height="225" />Als Erste Vorsitzende des Kleingärtnervereins Rheydt-Güdderath e.V. begrüße ich Euch herzlich auf unserer Homepage, auf der Ihr Interessantes und Wissenswertes über unseren Verein und das Gartenwesen lesen könnt. Außerdem erhaltet Ihr regelmäßig weitere Info´s durch unseren Schaukasten in der Anlage.</span></p>
<hr />
<p><!-- /wp:tadv/classic-paragraph --><!-- wp:tadv/classic-paragraph /--></p>								</div>
				</div>
					</div>
		</div>
					</div>
		</section>
				<section class="elementor-section elementor-top-section elementor-element elementor-element-79f769a elementor-section-boxed elementor-section-height-default elementor-section-height-default" data-id="79f769a" data-element_type="section" data-e-type="section">
						<div class="elementor-container elementor-column-gap-default">
					<div class="elementor-column elementor-col-100 elementor-top-column elementor-element elementor-element-1579669" data-id="1579669" data-element_type="column" data-e-type="column">
			<div class="elementor-widget-wrap elementor-element-populated">
						<div class="elementor-element elementor-element-85569fd elementor-widget-divider--view-line elementor-widget elementor-widget-divider" data-id="85569fd" data-element_type="widget" data-e-type="widget" data-widget_type="divider.default">
				<div class="elementor-widget-container">
							<div class="elementor-divider">
			<span class="elementor-divider-separator">
						</span>
		</div>
						</div>
				</div>
					</div>
		</div>
					</div>
		</section>
				<section class="elementor-section elementor-top-section elementor-element elementor-element-8856926 elementor-section-boxed elementor-section-height-default elementor-section-height-default" data-id="8856926" data-element_type="section" data-e-type="section">
						<div class="elementor-container elementor-column-gap-default">
					<div class="elementor-column elementor-col-100 elementor-top-column elementor-element elementor-element-59be6e6" data-id="59be6e6" data-element_type="column" data-e-type="column">
			<div class="elementor-widget-wrap elementor-element-populated">
						<div class="elementor-element elementor-element-e1c7e1e elementor-widget elementor-widget-text-editor" data-id="e1c7e1e" data-element_type="widget" data-e-type="widget" data-widget_type="text-editor.default">
				<div class="elementor-widget-container">
									<p style="text-align: justify;"><span style="color: #575752; font-family: arial, helvetica, sans-serif; font-size: 20px;">Zur allgemeinen Information!</span><span style="color: #575752; font-family: arial, helvetica, sans-serif; font-size: 16px;"><br></span></p><p style="text-align: justify;"><span style="color: #575752; font-family: arial, helvetica, sans-serif; font-size: 16px;">Anfragen für die Anmietung des Vereinshauses sind telefonisch unter der Telefonnummer 0176 2484 3426 oder per E-Mail an<br><a href="mailto:info@kgv-rheydt-guedderath.de">info@kgv-rheydt-guedderath.de</a>&nbsp;zu richten.</span></p>
<hr>								</div>
				</div>
					</div>
		</div>
					</div>
		</section>
				</div>

<p>Liebe Gartenfreundinnen und Gartenfreunde. Als Erste Vorsitzende des Kleingärtnervereins Rheydt-Güdderath e.V. begrüße ich Euch herzlich auf unserer Homepage, auf der Ihr Interessantes und Wissenswertes über unseren Verein und das Gartenwesen lesen könnt. Außerdem erhaltet Ihr regelmäßig weitere Info´s durch unseren Schaukasten in der Anlage. Zur allgemeinen Information! Anfragen für die Anmietung des Vereinshauses sind telefonisch &#8230; <a title="Unser Verein" class="read-more" href="https://kgv-rheydt-guedderath.de/wordpress/" aria-label="Mehr Informationen über Unser Verein">Weiterlesen</a></p>
